at is the remainder when 306344 is divided by 166?
74
Calculate the remainder when 457 is divided by 318.
139
Calculate the remainder when 3271 is divided by 19.
3
Calculate the remainder when 2062 is divided by 188.
182
What is the remainder when 16861 is divided by 52?
13
Calculate the remainder when 18819 is divided by 165.
9
What is the remainder when 130536 is divided by 14504?
0
What is the remainder when 326510 is divided by 65279?
115
Calculate the remainder when 3324 is divided by 471.
27
What is the remainder when 360620 is divided by 90154?
4
Calculate the remainder when 3390 is divided by 3092.
298
What is the remainder when 317687 is divided by 868?
867
What is the remainder when 138882 is divided by 170?
162
Calculate the remainder when 5335 is divided by 214.
199
Calculate the remainder when 36136 is divided by 976.
24
What is the remainder when 22176 is divided by 24?
0
Calculate the remainder when 274829 is divided by 153.
41
What is the remainder when 3511 is divided by 21?
4
Calculate the remainder when 5373 is divided by 5336.
37
Calculate the remainder when 148750 is divided by 134.
10
What is the remainder when 9073 is divided by 121?
119
What is the remainder when 8786 is divided by 300?
86
What is the remainder when 1806 is divided by 6?
0
Calculate the remainder when 77124 is divided by 43.
25
What is the remainder when 1072 is divided by 171?
46
Calculate the remainder when 79763 is divided by 79763.
0
Calculate the remainder when 43436 is divided by 543.
539
Calculate the remainder when 27332 is divided by 175.
32
Calculate the remainder when 18245 is divided by 4546.
61
Calculate the remainder when 87059 is divided by 10876.
51
What is the remainder when 134055 is divided by 44634?
153
What is the remainder when 1847 is divided by 518?
293
What is the remainder when 44484 is divided by 68?
12
Calculate the remainder when 11254 is divided by 107.
19
Calculate the remainder when 532401 is divided by 2847.
12
What is the remainder when 31761 is divided by 83?
55
What is the remainder when 43595 is divided by 28?
27
What is the remainder when 53975 is divided by 287?
19
Calculate the remainder when 1040436 is divided by 521.
520
Calculate the remainder when 17418 is divided by 17395.
23
What is the remainder when 255965 is divided by 790?
5
What is the remainder when 15127 is divided by 194?
189
Calculate the remainder when 1625 is divided by 452.
269
What is the remainder when 5386 is divided by 494?
446
What is the remainder when 2198762 is divided by 4?
2
What is the remainder when 23135 is divided by 96?
95
Calculate the remainder when 2578103 is divided by 570.
563
What is the remainder when 673160 is divided by 271?
267
What is the remainder when 620211 is divided by 27?
21
What is the remainder when 1525 is divided by 477?
94
Calculate the remainder when 72587 is divided by 10.
7
Calculate the remainder when 2457 is divided by 613.
5
Calculate the remainder when 300776 is divided by 180.
176
Calculate the remainder when 1117 is divided by 327.
136
What is the remainder when 75335 is divided by 18781?
211
Calculate the remainder when 30711 is divided by 14.
9
Calculate the remainder when 62829 is divided by 924.
921
Calculate the remainder when 50612 is divided by 25.
12
Calculate the remainder when 301695 is divided by 151.
148
Calculate the remainder when 1952102 is divided by 87.
83
What is the remainder when 29976 is divided by 9992?
0
Calculate the remainder when 2704 is divided by 31.
7
Calculate the remainder when 575 is divided by 122.
87
What is the remainder when 20628 is divided by 80?
68
Calculate the remainder when 824116 is divided by 19.
10
What is the remainder when 33500 is divided by 27?
20
Calculate the remainder when 7273 is divided by 1039.
0
What is the remainder when 112967 is divided by 25?
17
What is the remainder when 4026 is divided by 139?
134
What is the remainder when 23078 is divided by 23?
9
What is the remainder when 9057 is divided by 4387?
283
What is the remainder when 11269 is divided by 29?
17
What is the remainder when 3327 is divided by 216?
87
What is the remainder when 38407 is divided by 2954?
5
Calculate the remainder when 1811 is divided by 864.
83
Calculate the remainder when 12762 is divided by 241.
230
What is the remainder when 655 is divided by 5?
0
Calculate the remainder when 1154 is divided by 591.
563
Calculate the remainder when 114463 is divided by 3468.
19
What is the remainder when 50648 is divided by 63?
59
What is the remainder when 15033 is divided by 358?
355
Calculate the remainder when 5861231 is divided by 744.
743
Calculate the remainder when 814079 is divided by 106.
105
Calculate the remainder when 11363 is divided by 3787.
2
Calculate the remainder when 106167 is divided by 448.
439
Calculate the remainder when 114856 is divided by 35.
21
What is the remainder when 9410 is divided by 2261?
366
Calculate the remainder when 19193 is divided by 1598.
17
What is the remainder when 28991 is divided by 828?
11
What is the remainder when 67513 is divided by 11251?
7
Calculate the remainder when 24073 is divided by 21.
7
Calculate the remainder when 20629 is divided by 2557.
173
Calculate the remainder when 12205 is divided by 2438.
15
Calculate the remainder when 2502 is divided by 372.
270
Calculate the remainder when 8467 is divided by 1511.
912
Calculate the remainder when 8455 is divided by 117.
31
What is the remainder when 648 is divided by 22?
10
Calculate the remainder when 4285 is divided by 4096.
189
Calculate the remainder when 179526 is divided by 249.
246
Calculate the remainder when 52553 is divided by 13133.
21
What is the remainder when 5048 is divided by 504?
8
What is the remainder when 200759 is divided by 612?
23
Calculate the remainder when 12521 is divided by 6254.
13
What is the remainder when 111116 is divided by 56?
12
What is the remainder when 779 is divided by 181?
55
Calculate the remainder when 631003 is divided by 60.
43
What is the remainder when 207877 is divided by 40?
37
Calculate the remainder when 1701706 is divided by 327.
325
Calculate the remainder when 250895 is divided by 125439.
17
Calculate the remainder when 1923177 is divided by 964.
961
Calculate the remainder when 19187 is divided by 3196.
11
What is the remainder when 16084 is divided by 209?
200
What is the remainder when 3441 is divided by 527?
279
Calculate the remainder when 27593 is divided by 502.
485
Calculate the remainder when 149418 is divided by 83.
18
What is the remainder when 1147 is divided by 32?
27
Calculate the remainder when 3178 is divided by 310.
78
Calculate the remainder when 10514022 is divided by 2075.
2072
What is the remainder when 8615 is divided by 14?
5
Calculate the remainder when 586 is divided by 2.
0
What is the remainder when 1543 is divided by 379?
27
Calculate the remainder when 18438 is divided by 48.
6
Calculate the remainder when 46195 is divided by 100.
95
What is the remainder when 1629042 is divided by 31942?
0
What is the remainder when 2191 is divided by 1082?
27
What is the remainder when 15599 is divided by 326?
277
Calculate the remainder when 8632 is divided by 3989.
654
Calculate the remainder when 405055 is divided by 58.
41
Calculate the remainder when 56135 is divided by 7006.
87
What is the remainder when 672121 is divided by 22?
21
What is the remainder when 7455 is divided by 20?
15
Calculate the remainder when 46416 is divided by 2440.
56
What is the remainder when 1660 is divided by 239?
226
What is the remainder when 9623 is divided by 47?
35
Calculate the remainder when 12784 is divided by 12761.
23
What is the remainder when 710695 is divided by 203?
195
What is the remainder when 65923 is divided by 431?
411
Calculate the remainder when 7314 is divided by 2223.
645
What is the remainder when 22431 is divided by 12?
3
Calculate the remainder when 694 is divided by 180.
154
What is the remainder when 6510 is divided by 3192?
126
What is the remainder when 4120 is divided by 28?
4
Calculate the remainder when 60450 is divided by 2418.
0
Calculate the remainder when 23572 is divided by 589.
12
What is the remainder when 21223 is divided by 378?
55
Calculate the remainder when 2171 is divided b